02 and 901526.
202
What is the greatest common divisor of 39996 and 108?
36
What is the greatest common factor of 8 and 552624?
8
Calculate the highest common factor of 226 and 2912010.
226
Calculate the highest common factor of 115739 and 4912.
307
Calculate the highest common factor of 82079 and 1899.
211
Calculate the greatest common factor of 658 and 395458.
658
What is the greatest common factor of 2086 and 91486?
298
Calculate the greatest common divisor of 341 and 80960.
11
Calculate the highest common factor of 4914 and 36218.
182
What is the greatest common factor of 88 and 697796?
44
Calculate the highest common divisor of 13 and 2935491.
13
What is the greatest common factor of 62 and 3016238?
62
Calculate the greatest common factor of 346 and 1992787.
173
What is the highest common factor of 26 and 217477?
13
What is the highest common factor of 43 and 28440974?
43
Calculate the greatest common divisor of 2808 and 24192.
216
What is the highest common divisor of 2247 and 1680?
21
Calculate the greatest common divisor of 32150 and 16.
2
Calculate the greatest common factor of 1552 and 11466176.
1552
What is the highest common factor of 7848 and 11268?
36
What is the greatest common divisor of 182980 and 2100?
140
Calculate the highest common factor of 66657 and 57.
3
What is the greatest common divisor of 18942 and 616?
154
What is the greatest common divisor of 123 and 19056759?
123
Calculate the greatest common divisor of 955 and 23.
1
Calculate the greatest common divisor of 13265 and 1645.
35
Calculate the greatest common divisor of 20013 and 14.
7
Calculate the highest common divisor of 318 and 139814.
106
Calculate the greatest common divisor of 18025 and 23381.
103
What is the highest common divisor of 36 and 8632044?
36
What is the greatest common divisor of 1220 and 222345?
305
What is the greatest common divisor of 5628 and 27804?
84
Calculate the greatest common factor of 764 and 8621358.
382
Calculate the highest common factor of 292320 and 864.
288
Calculate the greatest common divisor of 50422 and 6800.
34
Calculate the greatest common factor of 9440 and 90.
10
Calculate the greatest common factor of 43231 and 17.
17
Calculate the greatest common divisor of 176385 and 165.
165
Calculate the greatest common factor of 58 and 702032.
58
What is the highest common factor of 755545 and 35?
35
Calculate the highest common divisor of 752 and 6063.
47
What is the greatest common divisor of 4589 and 78?
13
Calculate the greatest common divisor of 112563 and 27.
27
What is the highest common factor of 162 and 1377?
81
What is the highest common divisor of 9080625 and 625?
625
What is the greatest common factor of 36 and 56556?
36
What is the greatest common divisor of 8556 and 21804?
276
What is the highest common factor of 7076 and 5?
1
What is the greatest common factor of 437 and 1449?
23
Calculate the greatest common factor of 7623 and 132.
33
What is the highest common divisor of 756 and 148338?
54
What is the highest common factor of 1646578 and 76?
38
Calculate the highest common divisor of 42066 and 76.
38
Calculate the highest common divisor of 53 and 2237713.
53
Calculate the highest common divisor of 1792 and 112.
112
Calculate the highest common divisor of 2 and 254074.
2
Calculate the greatest common divisor of 1624945 and 238.
119
What is the greatest common factor of 144 and 1341576?
72
Calculate the greatest common factor of 47545 and 1295.
185
Calculate the highest common factor of 68 and 523.
1
Calculate the greatest common factor of 4736 and 32412.
148
What is the greatest common divisor of 413 and 986657?
413
What is the highest common factor of 176 and 585508?
44
Calculate the greatest common divisor of 408 and 87108.
204
Calculate the greatest common divisor of 266 and 308.
14
What is the highest common factor of 6424 and 3938?
22
Calculate the greatest common factor of 3 and 100029.
3
What is the highest common divisor of 2385 and 15105?
795
What is the highest common divisor of 58636 and 214?
214
Calculate the greatest common factor of 2000 and 19120.
80
What is the highest common factor of 716 and 8?
4
Calculate the greatest common factor of 1406 and 7918.
74
What is the highest common factor of 1101165 and 195?
195
What is the greatest common factor of 7880 and 9259?
197
What is the highest common divisor of 7641928 and 56?
56
What is the highest common divisor of 300917 and 527?
527
What is the greatest common divisor of 15 and 110175?
15
Calculate the highest common divisor of 612 and 13039.
17
Calculate the greatest common factor of 54 and 376677.
27
Calculate the greatest common divisor of 1748 and 10222.
38
Calculate the highest common factor of 86149 and 93.
31
What is the highest common factor of 15 and 203865?
15
What is the highest common divisor of 804 and 118054?
134
Calculate the highest common divisor of 203 and 79344.
29
Calculate the highest common divisor of 58314 and 294.
6
What is the greatest common factor of 1040110 and 470?
470
Calculate the greatest common factor of 17392 and 208.
16
What is the highest common divisor of 141 and 519?
3
What is the highest common factor of 7668 and 288?
36
Calculate the greatest common factor of 6810 and 20.
10
What is the highest common divisor of 51152 and 352?
16
What is the greatest common factor of 7114866 and 1419?
1419
What is the greatest common factor of 2535 and 390?
195
What is the greatest common factor of 177723 and 234?
117
What is the greatest common divisor of 1376 and 16096?
32
Calculate the greatest common factor of 110 and 961030.
10
What is the greatest common factor of 656816 and 32?
16
Calculate the greatest common divisor of 35 and 140945.
35
What is the greatest common divisor of 160569 and 2191?
313
Calculate the highest common divisor of 65 and 405.
5
Calculate the greatest common divisor of 10513196 and 116.
116
Calculate the highest common divisor of 343 and 13902.
7
Calculate the highest common factor of 4192 and 728.
8
What is the greatest common factor of 12056 and 528?
88
What is the highest common factor of 2151 and 1629?
9
Calculate the highest common factor of 290680 and 18252.
676
What is the highest common divisor of 35 and 6251?
7
What is the greatest common factor of 246 and 1625322?
246
Calculate the highest common divisor of 73392 and 132.
132
What is the highest common factor of 35 and 2776235?
35
Calculate the greatest common divisor of 48 and 2672016.
48
Calculate the highest common divisor of 38962 and 2.
2
Calculate the highest common factor of 188 and 112988.
188
What is the greatest common divisor of 30 and 138855?
15
What is the greatest common divisor of 620 and 7068?
124
Calculate the highest common factor of 6206 and 319.
29
Calculate the greatest common factor of 14124 and 24.
12
What is the greatest common divisor of 140809 and 19?
19
What is the highest common factor of 40460 and 210?
70
What is the greatest common divisor of 155779 and 575?
23
What is the greatest common factor of 10496 and 1394?
82
Calculate the greatest common divisor of 1711355 and 549.
61
Calculate the highest common factor of 2472 and 28119.
309
What is the greatest common divisor of 2601 and 3060?
153
What is the greatest common factor of 14265 and 10845?
45
What is the greatest common divisor of 872632 and 19?
19
What is the greatest common factor of 117286 and 4056?
338
What is the greatest common divisor of 15 and 14341?
1
What is the greatest common divisor of 29711940 and 60?
60
Calculate the greatest common factor of 1225 and 66591.
49
What is the greatest common factor of 1813680 and 240?
240
Calculate the highest common divisor of 201 and 8208974.
67
What is the highest common factor of 41717 and 13?
13
What is the highest common factor of 657 and 18?
9
Calculate the highest common divisor of 1159 and 45079.
61
Calculate the greatest common divisor of 298519 and 13.
13
Calculate the highest common divisor of 1190 and 770.
70
What is the highest common divisor of 8844 and 173316?
132
Calculate the greatest common factor of 88 and 3545014.
22
What is the greatest common divisor of 16398 and 858?
6
What is the highest common factor of 192 and 98544?
48
What is the highest common factor of 322496 and 576?
64
Calc